
6
Evaluate -2 + -10 + 4 + (-324 - -324).
-8
What is the value of (5 - -9) + (-9 - 107)?
-102
-35 - (-70 + 34) - (-117 - (2 - 9))
111
Calculate -9 - ((36 - -7) + 2) - -21.
-33
-15 + 1 - (-7 + (11 - 7) + -2)
-9
What is the value of (115 - -2) + 16698 + -16687?
128
-116 + 79 - (-10 + -76)
49
What is 1 - 7 - ((-64 + -4 - 18) + 3 + 4)?
73
(75 + 52 - 118) + 124
133
What is 7 + 36 + 39 - -37?
119
Calculate 4 - (16 - 23 - (-2 - -1)) - (35 + 12).
-37
(1 - (-13 - 0)) + -13 + (-30 - -4 - -114)
89
13 - 39 - (17 - (2 - -72))
31
(-27 - (3 + -19) - -30) + 21
40
What is the value of 28 - (5 + 174 + -69) - (-4 - (0 + 0))?
-78
What is 0 + 6 + (12 + 3 - (-77 - -98))?
0
What is the value of 30 - 2 - (69 - (87 + -4))?
42
What is the value of -234 - (-117 - -15) - -15?
-117
What is the value of 43 - (-55 - -43 - -27)?
28
(-15 - -2) + (87 - (108 - 9))
-25
-95 + 3 - (25 - -30 - 33)
-114
Calculate (-17 - (17 + 36)) + 22.
-48
What is the value of 4 - ((-2 - 49) + -2) - (-18 + 16 - -6)?
53
What is -20 + (19 + (-16 - -3) - -3 - (19 + -1))?
-29
What is -12 + (-25 + 15 - -44) - (-77 - 0)?
99
-56 + (39 - (17 - (-24 - -25)))
-33
What is the value of (8 - (5 - (-1 + 8))) + -99 + (28 - -2)?
-59
What is the value of -27 - (-4 - 1) - 8?
-30
Evaluate (-8 - 4) + (-2 - 4 - -20) + -50.
-48
Evaluate (161 - 101 - 53) + 16.
23
38 - (-60 + (112 - 40))
26
91 + (-3 + -7 - 1) + -30 + 28
78
What is the value of 10 + -15 + 3 - (3 + (-10 - 1))?
6
What is -47 + 19 - 5 - -11?
-22
Evaluate (7 - (-31 - -79)) + 6 + -6.
-41
Calculate -32 + -11 + (-41 - -19).
-65
-2 + -2 + 6 + (8 - (-14 - -98))
-74
What is 31 - ((0 + 0 - -1) + -24 + -43 + 57)?
40
Evaluate -92 - (-110 - (69 + -87)).
0
(-34 - (-116 + 14)) + 9 + (2 - 4)
75
Calculate 19 + -40 + 12 + -18.
-27
(7 - 20) + 3 + (-106 - -94) - 12
-34
Calculate -12 - 1 - (-28 + (17 - (-24 + 22))).
-4
(92 - 118) + (10 - 30)
-46
Calculate 47 - (7 + (-9 - 45)).
94
Evaluate 26 - -2 - (20 - (-51 - -65)) - -55.
77
What is 9 + (41 - 1) + 27 + -53 + 20?
43
96 - (3 - (-7 - 20))
66
(83 - 98) + 3 + -38
-50
5 - (3 - -7) - (470 + -417)
-58
Evaluate 18840 - 18862 - (-47 + -1).
26
Calculate 17 + (22 - (20 + 47)).
-28
-7 + -16 + -33 + 62 - -22
28
Calculate 25 - (82 + -55 + 7 + -92).
83
Calculate 4 - (51 + -6) - -8 - (-4 - -23).
-52
75 + 0 - (53 - ((-35 - -45) + 26))
58
Calculate 18 - ((2 - -11) + -1 + -241 + 238).
9
What is 119 - (151 - (1 - 15))?
-46
-62 + 0 + -29 + 77
-14
Evaluate -15 + (-3 - (-63 + 1)).
44
12 - (73 - (14 - -87) - (1 + -19))
22
Calculate -20 + (8 + -13 - (10 - 1)).
-34
Calculate -1319 + 1297 - (0 + 32 + 1).
-55
10 + 7 + -1 + 133 + -111 - (11 + -19)
46
Calculate -7 - (-24 + 24) - (-10 - -2) - -62.
63
(-58 - -40 - -29) + 54
65
Evaluate 32 + (25 - 60) - (5 - (13 - 7) - 60).
58
Evaluate -85 + (-142 - -58 - -188).
19
What is the value of 0 - (-30 + -10 + 3) - (10 + -12)?
39
-44 - (-7 - -4) - -78
37
What is the value of (-39 - ((-7 - -16) + -43)) + (20 - 0)?
15
-39 + 56 + 2 + 18
37
What is -3 + 6 + -17 + (2237 - 2247)?
-24
What is the value of -2 - -24 - (-35 - (-58 - -25))?
24
-68 + -1 - (-65 - (-103 + 40))
-67
What is the value of (24 - 24 - -44) + -25 - 75?
-56
(-9 + 22 + -6 - 20) + -3 + 26
10
-4857 + 4713 - (-135 + 5)
-14
What is 0 - -24 - (-3928 + 3952) - (19 + -2)?
-17
Evaluate 1 + -12 - -1 - (77 - -89 - 105).
-71
Calculate -5 - (-31 - (3 + -52)).
-23
What is the value of (-11 - -60) + -82 - -28?
-5
What is the value of -52 + -28 + 154 - (-3 + 1 + (-4 - 5))?
85
5286 + -5317 - ((-2 - 22) + 0)
-7
Calculate 0 - (10 - 2) - (28 - 28 - -3).
-11
Evaluate (69 - 49) + -29 - 66.
-75
What is -24 - (0 + -5 - (-98 + 85) - -9)?
-41
What is 57 + 3 + (1 - 3) - ((-79 - -12) + 65)?
60
What is the value of 0 + 3 + 69 - (233 - 220) - 7?
52
Calculate (9 - 18) + -36 - (4 + 1 + -21).
-29
What is (120 - 104) + 85 - 105?
-4
-30 - (123 + -95 - 24)
-34
What is 78 - ((0 - 14) + (-20 - (-28 - -4))) - 4?
84
What is the value of 12 + (-10 - -2 - (0 + (-5 - (9 - 6))))?
12
What is the value of 5 - (-2 - ((6 - 12) + 12 - -5))?
18
What is 0 + (8 + 9 + -9 - -24)?
32
Calculate 9 - (137 - 10) - (-109 - -79).
-88
What is the value of 56 - -61 - 19 - 63?
35
What is the value of 26 + (1 - ((-6 + 4 - 8) + 6 + -2))?
33
Calculate -11 + (14 - -5) - (4 + 35 - (5 - -2)).
-24
What is the value of 12 - ((50 - (5 + 3 + -6)) + 5)?
-41
Calculate 17 - (13 + 2 + -88 + 65).
25
What is -14 + (50 - (31 + 26) - (-2 - 0))?
-19
What is the value of -4 + 44 - ((-10 - ((-11 - -6) + 5)) + 9)?
41
Calculate 2 + (148 - 2) + (386 - (366 + 30)).
138
82 + -130 + 59 - (-4 - (2 + -2))
15
What is the value of 37 + (-36 - -2) + (752 - 767)?
-12
Evaluate 6 + ((16 - 43) + 20 - -13).
12
What is the value of (0 + 23 - (-138 - -145) - -12) + (3 - 2)?
29
Calculate 2 - (23 + -39 + 12) - -19.
25
Evaluate 48 + (546 + -568 - (18 - 3)).
11
What is the value of -1 - (-15 + 17) - -20 - -12 - -3?
32
What is (-13 + -16 + 38 - 20) + 28?
17
What is the value of -8 - 1 - (464 + -425 + -1 + -32)?
-15
Calculate (2 - -6) + (-40 + -1 - (-43 + 35)) + 4.
-21
-19 - ((7 - -7) + 18 + -15)
-36
What is -18 + 37 + (-54 - (-20 - -15))?
-30
What is the value of -455 + 489 + (3 + -10 - -18)?
45
What is the value of (1 - -21) + 1 - (-383 + 319)?
87
-29 - (51 - (-14 + 116))
22
Evaluate 8 + 9 + -4 + -1852 + 1964.
125
What is 219 - (153 + -75) - 23?
118
Calculate -185 - (125 - 120 - 75).
-115
Calculate -47 + (-44 - -111) + 86.
106
What is 1 + (-7 - (1 - 3)) + -96 + (-18 - -88)?
-30
-1335 + 1344 - (6 - 21)
24
What is -10 - (3 - 3 - -2) - (-95 + -58 + 156)?
-15
What is (60 - 57) + 28 - -21?
52
What is the value of -4 - (-27 + 26 + -13) - (-49 - 3)?
62
Calculate -11 + -12 - (-2 - 9).
-12
Evaluate -12 - (97 + -25) - (-11 - (1 - 11)).
-83
What is the value of -23 - (-54 + (-19 - (-4 - 22)))?
24
Evaluate 85 + (-129 - -99) - 3.
52
What is 57 - ((23 - 18 - (1 - -3 - -4)) + 8)?
52
What is 253 - (-507 + 799) - ((1 - 1) + -14)?
-25
What is ((-9 - 2) + 20 - 12) + -12?
-15
What is 2434 + -2411 + (-52 - 1)?
-30
What is the value of (-35 - (1 + -3)) + (535 - 534)?
-32
Evaluate -13 + -67 + 38 + -21 + 4.
-59
Calculate -9 + (24 - (23 + 16)) + 17 - -92.
85
Evaluate 4 - (3 - (8 - (7 - 2)) - (41 - 0)).
45
87 - (7 - -37 - (86 - 57))
72
What is the value of 14 - (-57 + 31) - -20 - (-2 - -22)?
40
-2 + 2 + (-2551 - -2463)
-88
Calculate -9 - (-26 - ((-51 - -24) + 18 + -4)).
4
What is 83 + (-81 - -20) + 51?
73
What is (286 + -261 - (13 - (3 + -1))) + 13?
27
39 + 8 + -9 + 9 + (-6 - (-12 - -5))
48
What is 54 + -13 + (-55 - 4 - -34)?
16
Evaluate 6 + -5 + 9 + -11 - ((8 - 51) + 8).
34
What is the value of 9 - (169 + -236 + (-1 - -1) + -16)?
92
What is the value of 193 + -286 + -36 + 148?
19
Evaluate -74 - (-162 + 35) - (-13 - 14).
80
0 - 1 - (-378 - -433)
-56
Calculate 766 + -751 + 1 + 0.
16
Evaluate (-15 - (-17 + (-32 - -18))) + 0 + -11 + 145.
150
What is 2250 - 2244 - (1 - 12) - (-14 - -1)?
30
Calculate -72 + (-11 + -9 + 52 - 17) - 5.
-62
What is -20 + 49 + -35 + -4 + 24?
14
Calculate (-17 + -3 - (-17 + -15 + (18 - -1))) + 109.
102
What is 26 + -22 - (13 - 1) - -18?
10
Calculate 15 + 7 + 0 + 27 + -65.
-16
What is the value of 54 + 5 + -38 + -4?
17
(21 + -6 - (-8 + -5)) + -49
-21
What is the value of (60 - -6) + (-231 - -81)?
-84
Calculate (74 - (55 + -22)) + (-2 - -6).
45
Calculate 11 + 1 + ((-24 - -31 - 0) + -28 - -127).
118
Calculate 1 - 7 - ((-7 - 68) + -29 - -23).
75
What is (-1 - -14) + 382 + -377 + 57?
75
What is -81 - (16 + (13 - (-30 - -57)))?
-83
Calculate 5 - ((-2 + 0 - (-9 + 14 + -8)) + 0).
4
What is (100 - 92) + (-6 - -6 - 3) + -12?
-7
Evaluate (-86 - (-50 - 11)) + (-4 - 0).
-29
What is (10 - 63) + -13 + 25 - -57?
16
Evaluate 0 + 55 + 82 - (62 + -25).
100
57 + 50 + -51 + (-8 - (2 - 5))
51
-132 + (-1 - 0) + (-289 - 207 - -484)
-145
Calculate 0 - 2 - (17 + -86 + 50).
17
What is -3 - (3 + 5) - ((8 - 10) + 54 + 3)?
-66
What is the value of -192 + 191 + (129 - (-21 - -43))?
106
(-3 - (31 - -4) - 1) + 3 - (244 + -252)
-28
What is 55 - 30 - (4 - -1)?
20
-51 + (90 - 0) + 0
39
1488 + -1572 - (-12 + -2)
-70
Calculate (49 - 10) + (5 + (6 + -20 - 1) - -11).
40
What is 0 + 15 + (-8 - -19) + (-15 - -15) + -7?
19
What is the value of (-50 - (-47 - -39)) + 68?
26
8 + -79 + -3 + (-18 - -28)
-64
What is the value of -56 - (29 - 158) - 15?
58
Evaluate 0 - (10 - (29 + -21)).
-2
What is -11 - (11 